{"id":7,"date":"2015-07-20T09:13:12","date_gmt":"2015-07-20T09:13:12","guid":{"rendered":"http:\/\/demo.themegrill.com\/himalayas\/?page_id=7"},"modified":"2023-11-01T15:17:06","modified_gmt":"2023-11-01T18:17:06","slug":"want-to-try-it","status":"publish","type":"page","link":"https:\/\/escolapeteleco.com.br\/home\/want-to-try-it\/","title":{"rendered":"Um pouco da hist\u00f3ria da Escola Peteleco"},"content":{"rendered":"<p class=\"cvGsUA direction-ltr align-start para-style-body\"><span class=\"OYPEnA text-decoration-none text-strikethrough-none\">A escola PETELECO foi fundada em 1974 pelas irm\u00e3s Maria Helena Melhado (Psic\u00f3loga) e Maria Tereza Melhado (Pedagoga) com o objetivo de atender crian\u00e7as de 1 a 5 anos. De l\u00e1 para c\u00e1 houveram grandes mudan\u00e7as, tanto no espa\u00e7o f\u00edsico, quando optamos por construir outra escola ao lado da antiga Peteleco, para que os espa\u00e7os fossem adequados, arejados e amplos.<\/span><\/p>\n\n\n<figure class=\"wp-block-gallery has-nested-images columns-default is-cropped wp-block-gallery-1 is-layout-flex wp-block-gallery-is-layout-flex\">\n<figure class=\"wp-block-image size-large\"><img loading=\"lazy\" decoding=\"async\" width=\"1024\" height=\"683\" data-id=\"413\" src=\"https:\/\/escolapeteleco.com.br\/dev\/wp-content\/uploads\/2023\/10\/P6A9307-1-1024x683.jpg\" alt=\"\" class=\"wp-image-413\" srcset=\"https:\/\/escolapeteleco.com.br\/home\/wp-content\/uploads\/2023\/10\/P6A9307-1-1024x683.jpg 1024w, https:\/\/escolapeteleco.com.br\/home\/wp-content\/uploads\/2023\/10\/P6A9307-1-300x200.jpg 300w, https:\/\/escolapeteleco.com.br\/home\/wp-content\/uploads\/2023\/10\/P6A9307-1-768x512.jpg 768w, https:\/\/escolapeteleco.com.br\/home\/wp-content\/uploads\/2023\/10\/P6A9307-1-1536x1024.jpg 1536w, https:\/\/escolapeteleco.com.br\/home\/wp-content\/uploads\/2023\/10\/P6A9307-1-2048x1365.jpg 2048w\" sizes=\"(max-width: 1024px) 100vw, 1024px\" \/><\/figure>\n\n\n\n<figure class=\"wp-block-image size-large\"><img loading=\"lazy\" decoding=\"async\" width=\"1024\" height=\"683\" data-id=\"415\" src=\"https:\/\/escolapeteleco.com.br\/dev\/wp-content\/uploads\/2023\/10\/P6A9309-1-1024x683.jpg\" alt=\"\" class=\"wp-image-415\" srcset=\"https:\/\/escolapeteleco.com.br\/home\/wp-content\/uploads\/2023\/10\/P6A9309-1-1024x683.jpg 1024w, https:\/\/escolapeteleco.com.br\/home\/wp-content\/uploads\/2023\/10\/P6A9309-1-300x200.jpg 300w, https:\/\/escolapeteleco.com.br\/home\/wp-content\/uploads\/2023\/10\/P6A9309-1-768x512.jpg 768w, https:\/\/escolapeteleco.com.br\/home\/wp-content\/uploads\/2023\/10\/P6A9309-1-1536x1024.jpg 1536w, https:\/\/escolapeteleco.com.br\/home\/wp-content\/uploads\/2023\/10\/P6A9309-1-2048x1365.jpg 2048w\" sizes=\"(max-width: 1024px) 100vw, 1024px\" \/><\/figure>\n\n\n\n<figure class=\"wp-block-image size-large\"><img loading=\"lazy\" decoding=\"async\" width=\"1024\" height=\"683\" data-id=\"414\" src=\"https:\/\/escolapeteleco.com.br\/dev\/wp-content\/uploads\/2023\/10\/P6A9349-1-1024x683.jpg\" alt=\"\" class=\"wp-image-414\" srcset=\"https:\/\/escolapeteleco.com.br\/home\/wp-content\/uploads\/2023\/10\/P6A9349-1-1024x683.jpg 1024w, https:\/\/escolapeteleco.com.br\/home\/wp-content\/uploads\/2023\/10\/P6A9349-1-300x200.jpg 300w, https:\/\/escolapeteleco.com.br\/home\/wp-content\/uploads\/2023\/10\/P6A9349-1-768x512.jpg 768w, https:\/\/escolapeteleco.com.br\/home\/wp-content\/uploads\/2023\/10\/P6A9349-1-1536x1024.jpg 1536w, https:\/\/escolapeteleco.com.br\/home\/wp-content\/uploads\/2023\/10\/P6A9349-1-2048x1365.jpg 2048w\" sizes=\"(max-width: 1024px) 100vw, 1024px\" \/><\/figure>\n\n\n\n<figure class=\"wp-block-image size-large\"><img loading=\"lazy\" decoding=\"async\" width=\"1024\" height=\"683\" data-id=\"416\" src=\"https:\/\/escolapeteleco.com.br\/dev\/wp-content\/uploads\/2023\/10\/P6A9421-1-1024x683.jpg\" alt=\"\" class=\"wp-image-416\" srcset=\"https:\/\/escolapeteleco.com.br\/home\/wp-content\/uploads\/2023\/10\/P6A9421-1-1024x683.jpg 1024w, https:\/\/escolapeteleco.com.br\/home\/wp-content\/uploads\/2023\/10\/P6A9421-1-300x200.jpg 300w, https:\/\/escolapeteleco.com.br\/home\/wp-content\/uploads\/2023\/10\/P6A9421-1-768x512.jpg 768w, https:\/\/escolapeteleco.com.br\/home\/wp-content\/uploads\/2023\/10\/P6A9421-1-1536x1024.jpg 1536w, https:\/\/escolapeteleco.com.br\/home\/wp-content\/uploads\/2023\/10\/P6A9421-1-2048x1365.jpg 2048w\" sizes=\"(max-width: 1024px) 100vw, 1024px\" \/><\/figure>\n<\/figure>\n\n\n\n<p><\/p>\n\n\n\n<h2 class=\"wp-block-heading\"><strong>Respeito a produ\u00e7\u00e3o do alun<\/strong>o, <strong>espa\u00e7o para testar suas hip\u00f3teses<\/strong>,<strong> trabalho em grupo e solid\u00e1rio<\/strong><\/h2>\n\n\n\n<p>Praticamos uma educa\u00e7\u00e3o que favorece a forma\u00e7\u00e3o de pessoas&nbsp;compromissadas com valores humanos . Aos nossos alunos \u00e9 dada a oportunidade de experimentar e analisar diferentes culturas e realidades, e assim, poder intervir e atuar na sociedade, como sujeito capaz de criar redes comunit\u00e1rias e solid\u00e1rias.<\/p>\n\n\n\n<p>A partir dos v\u00e1rios recursos educacionais dispon\u00edveis e da preocupa\u00e7\u00e3o com o desenvolvimento dos saberes culturais, a escola apresenta-se como um espa\u00e7o privilegiado de descoberta e de reflex\u00e3o sobre as constantes mudan\u00e7as da sociedade, por meio de leituras, experi\u00eancias e a\u00e7\u00f5es.<\/p>\n\n\n\n<p>O educador tem clareza de sua miss\u00e3o: formar pessoas que reconhe\u00e7am seu papel, que ocupem seu espa\u00e7o e que sejam capazes de lidar com o desafio da diversidade, interagindo com novas mentalidades e novas identidades. Para isso, est\u00e1 sempre em processo de aprendizagem.<\/p>\n\n\n\n<p>Nossa meta educacional, orientada para conhecer, fazer, viver e ser, busca uma sociedade atenta ao desenvolvimento sustent\u00e1vel, aberta \u00e0s diferentes identidades, onde as pessoas sejam verdadeiramente iguais em condi\u00e7\u00f5es e direitos.<\/p>\n","protected":false},"excerpt":{"rendered":"<p>A escola PETELECO foi fundada em 1974 pelas irm\u00e3s Maria Helena Melhado (Psic\u00f3loga) e Maria Tereza Melhado (Pedagoga) com o objetivo de atender crian\u00e7as de 1 a 5 anos. De l\u00e1 para c\u00e1 houveram grandes mudan\u00e7as, tanto no espa\u00e7o f\u00edsico, quando optamos por construir outra escola ao lado da antiga Peteleco, para que os espa\u00e7os fossem adequados, arejados e amplos.<br \/>\n<br \/><\/br><br \/>\nDurante seus 50 anos de exist\u00eancia a ESCOLA INFANTIL PETELECO fez parte do desenvolvimento educacional de milhares de alunos. Pelo reconhecimento de seu trabalho a escola hoje recebe os filhos de ex-alunos.<\/p>\n","protected":false},"author":1,"featured_media":352,"parent":0,"menu_order":0,"comment_status":"closed","ping_status":"closed","template":"","meta":{"footnotes":""},"_links":{"self":[{"href":"https:\/\/escolapeteleco.com.br\/home\/wp-json\/wp\/v2\/pages\/7"}],"collection":[{"href":"https:\/\/escolapeteleco.com.br\/home\/wp-json\/wp\/v2\/pages"}],"about":[{"href":"https:\/\/escolapeteleco.com.br\/home\/wp-json\/wp\/v2\/types\/page"}],"author":[{"embeddable":true,"href":"https:\/\/escolapeteleco.com.br\/home\/wp-json\/wp\/v2\/users\/1"}],"replies":[{"embeddable":true,"href":"https:\/\/escolapeteleco.com.br\/home\/wp-json\/wp\/v2\/comments?post=7"}],"version-history":[{"count":7,"href":"https:\/\/escolapeteleco.com.br\/home\/wp-json\/wp\/v2\/pages\/7\/revisions"}],"predecessor-version":[{"id":434,"href":"https:\/\/escolapeteleco.com.br\/home\/wp-json\/wp\/v2\/pages\/7\/revisions\/434"}],"wp:featuredmedia":[{"embeddable":true,"href":"https:\/\/escolapeteleco.com.br\/home\/wp-json\/wp\/v2\/media\/352"}],"wp:attachment":[{"href":"https:\/\/escolapeteleco.com.br\/home\/wp-json\/wp\/v2\/media?parent=7"}],"curies":[{"name":"wp","href":"https:\/\/api.w.org\/{rel}","templated":true}]}}

Um pouco da história da Escola Peteleco

<p class="cvGsUA direction-ltr align-start para-style-body"><span class="OYPEnA text-decoration-none text-strikethrough-none">A escola PETELECO foi fundada em 1974 pelas irmãs Maria Helena Melhado (Psicóloga) e Maria Tereza Melhado (Pedagoga) com o objetivo de atender crianças de 1 a 5 anos. De lá para cá houveram grandes mudanças, tanto no espaço físico, quando optamos por construir outra escola ao lado da antiga Peteleco, para que os espaços fossem adequados, arejados e amplos.</span></p>


<figure class="wp-block-gallery has-nested-images columns-default is-cropped wp-block-gallery-1 is-layout-flex wp-block-gallery-is-layout-flex">
<figure class="wp-block-image size-large"><img loading="lazy" decoding="async" width="1024" height="683" data-id="413" src="https://escolapeteleco.com.br/dev/wp-content/uploads/2023/10/P6A9307-1-1024x683.jpg" alt="" class="wp-image-413" srcset="https://escolapeteleco.com.br/home/wp-content/uploads/2023/10/P6A9307-1-1024x683.jpg 1024w, https://escolapeteleco.com.br/home/wp-content/uploads/2023/10/P6A9307-1-300x200.jpg 300w, https://escolapeteleco.com.br/home/wp-content/uploads/2023/10/P6A9307-1-768x512.jpg 768w, https://escolapeteleco.com.br/home/wp-content/uploads/2023/10/P6A9307-1-1536x1024.jpg 1536w, https://escolapeteleco.com.br/home/wp-content/uploads/2023/10/P6A9307-1-2048x1365.jpg 2048w" sizes="(max-width: 1024px) 100vw, 1024px" /></figure>



<figure class="wp-block-image size-large"><img loading="lazy" decoding="async" width="1024" height="683" data-id="415" src="https://escolapeteleco.com.br/dev/wp-content/uploads/2023/10/P6A9309-1-1024x683.jpg" alt="" class="wp-image-415" srcset="https://escolapeteleco.com.br/home/wp-content/uploads/2023/10/P6A9309-1-1024x683.jpg 1024w, https://escolapeteleco.com.br/home/wp-content/uploads/2023/10/P6A9309-1-300x200.jpg 300w, https://escolapeteleco.com.br/home/wp-content/uploads/2023/10/P6A9309-1-768x512.jpg 768w, https://escolapeteleco.com.br/home/wp-content/uploads/2023/10/P6A9309-1-1536x1024.jpg 1536w, https://escolapeteleco.com.br/home/wp-content/uploads/2023/10/P6A9309-1-2048x1365.jpg 2048w" sizes="(max-width: 1024px) 100vw, 1024px" /></figure>



<figure class="wp-block-image size-large"><img loading="lazy" decoding="async" width="1024" height="683" data-id="414" src="https://escolapeteleco.com.br/dev/wp-content/uploads/2023/10/P6A9349-1-1024x683.jpg" alt="" class="wp-image-414" srcset="https://escolapeteleco.com.br/home/wp-content/uploads/2023/10/P6A9349-1-1024x683.jpg 1024w, https://escolapeteleco.com.br/home/wp-content/uploads/2023/10/P6A9349-1-300x200.jpg 300w, https://escolapeteleco.com.br/home/wp-content/uploads/2023/10/P6A9349-1-768x512.jpg 768w, https://escolapeteleco.com.br/home/wp-content/uploads/2023/10/P6A9349-1-1536x1024.jpg 1536w, https://escolapeteleco.com.br/home/wp-content/uploads/2023/10/P6A9349-1-2048x1365.jpg 2048w" sizes="(max-width: 1024px) 100vw, 1024px" /></figure>



<figure class="wp-block-image size-large"><img loading="lazy" decoding="async" width="1024" height="683" data-id="416" src="https://escolapeteleco.com.br/dev/wp-content/uploads/2023/10/P6A9421-1-1024x683.jpg" alt="" class="wp-image-416" srcset="https://escolapeteleco.com.br/home/wp-content/uploads/2023/10/P6A9421-1-1024x683.jpg 1024w, https://escolapeteleco.com.br/home/wp-content/uploads/2023/10/P6A9421-1-300x200.jpg 300w, https://escolapeteleco.com.br/home/wp-content/uploads/2023/10/P6A9421-1-768x512.jpg 768w, https://escolapeteleco.com.br/home/wp-content/uploads/2023/10/P6A9421-1-1536x1024.jpg 1536w, https://escolapeteleco.com.br/home/wp-content/uploads/2023/10/P6A9421-1-2048x1365.jpg 2048w" sizes="(max-width: 1024px) 100vw, 1024px" /></figure>
</figure>



<p></p>



<h2 class="wp-block-heading"><strong>Respeito a produção do alun</strong>o, <strong>espaço para testar suas hipóteses</strong>,<strong> trabalho em grupo e solidário</strong></h2>



<p>Praticamos uma educação que favorece a formação de pessoas&nbsp;compromissadas com valores humanos . Aos nossos alunos é dada a oportunidade de experimentar e analisar diferentes culturas e realidades, e assim, poder intervir e atuar na sociedade, como sujeito capaz de criar redes comunitárias e solidárias.</p>



<p>A partir dos vários recursos educacionais disponíveis e da preocupação com o desenvolvimento dos saberes culturais, a escola apresenta-se como um espaço privilegiado de descoberta e de reflexão sobre as constantes mudanças da sociedade, por meio de leituras, experiências e ações.</p>



<p>O educador tem clareza de sua missão: formar pessoas que reconheçam seu papel, que ocupem seu espaço e que sejam capazes de lidar com o desafio da diversidade, interagindo com novas mentalidades e novas identidades. Para isso, está sempre em processo de aprendizagem.</p>



<p>Nossa meta educacional, orientada para conhecer, fazer, viver e ser, busca uma sociedade atenta ao desenvolvimento sustentável, aberta às diferentes identidades, onde as pessoas sejam verdadeiramente iguais em condições e direitos.</p>

<p>A escola PETELECO foi fundada em 1974 pelas irmãs Maria Helena Melhado (Psicóloga) e Maria Tereza Melhado (Pedagoga) com o objetivo de atender crianças de 1 a 5 anos. De lá para cá houveram grandes mudanças, tanto no espaço físico, quando optamos por construir outra escola ao lado da antiga Peteleco, para que os espaços fossem adequados, arejados e amplos.<br />
<br /></br><br />
Durante seus 50 anos de existência a ESCOLA INFANTIL PETELECO fez parte do desenvolvimento educacional de milhares de alunos. Pelo reconhecimento de seu trabalho a escola hoje recebe os filhos de ex-alunos.</p>
